8535*k - 296565. Calculate v(-16).
-5
Let c(d) = 259957*d - 1559829. What is c(6)?
-87
Let p(r) = r**2 - 1479*r - 103556. Determine p(-67).
26
Let v(u) = 6*u**3 - 50*u**2 - 189*u + 399. Determine v(-4).
-29
Let y(c) = 156*c - 4583. What is y(30)?
97
Let k(l) = 2*l**2 + 2623*l + 352591. Calculate k(-152).
103
Let t(o) = -36*o + 70. Determine t(3).
-38
Let h(c) = 11*c**2 + 1815*c + 40983. Calculate h(-138).
-3
Let l(i) = -5*i**2 - 224*i - 4045. Calculate l(-21).
-1546
Let b(n) = 5*n**3 + 143*n**2 + 1013*n + 18. Calculate b(-13).
31
Let o(u) = -31958*u - 671122. What is o(-21)?
-4
Let a(b) = -772*b + 18740. Give a(24).
212
Let k(a) = -3*a**2 - 554*a + 1669. Determine k(3).
-20
Let t(s) = -14*s**3 + 112*s**2 - 171*s + 6. Give t(6).
-12
Let r(g) = -61032*g - 854394. Determine r(-14).
54
Let w(l) = -11*l**3 + 73*l**2 + 54*l - 20. Determine w(8).
-548
Let j(r) = 539*r**2 + 3495*r - 1921. Give j(-7).
25
Let m(q) = -5120*q + 931837. Determine m(182).
-3
Let x(h) = -2*h**2 - 18*h + 56096. What is x(163)?
24
Let d(r) = -12601*r**2 + 705661*r - 266. Calculate d(56).
14
Let w(p) = 87*p - 682. Determine w(13).
449
Let v(n) = -24*n**2 - 83*n - 98. Calculate v(-4).
-150
Let n(i) = -i**2 + 7017*i + 4. What is n(0)?
4
Let b(t) = 14*t**3 - 4*t**2 + 2*t + 9. Calculate b(4).
849
Let u(m) = 179*m + 2179. Calculate u(8).
3611
Let f(s) = 7*s**2 + 237*s + 366. What is f(-32)?
-50
Let t(q) = -3*q**3 - 28*q**2 + 15*q - 75. What is t(-10)?
-25
Let k(y) = -3*y**3 + 24*y**2 - 451*y + 2510. Determine k(6).
20
Let m(b) = -598*b + 20923. Determine m(35).
-7
Let q(y) = -y**3 + 11052*y**2 - 33149*y + 4. Determine q(3).
-2
Let u(v) = -10*v**2 - 4370*v - 203502. Determine u(-53).
18
Let h(s) = -3*s**3 + 225*s**2 + 7768*s - 582611. Give h(75).
-11
Let j(y) = -y**2 - 150*y - 2925. Give j(-39).
1404
Let u(h) = -h**3 + 54*h**2 - 49*h + 78. What is u(53)?
290
Let j(l) = 1412*l**2 + 162382*l + 241. Determine j(-115).
11
Let w(g) = 134435*g + 2016528. Determine w(-15).
3
Let t(w) = -1268*w - 73546. Determine t(-58).
-2
Let v(o) = 620424*o + 33502899. Determine v(-54).
3
Let u(r) = 29*r - 230. Give u(-6).
-404
Let m(c) = -14*c**2 - 510*c + 290. Calculate m(-35).
990
Let w(a) = 17*a**3 - 11*a**2 + 51*a - 208. Give w(4).
908
Let s(d) = 261*d**2 + 821*d + 807. Calculate s(-1).
247
Let m(x) = -x**2 - 302962*x - 1514790. What is m(-5)?
-5
Let w(q) = -q**3 - 84*q**2 - 1086*q + 9627. What is w(-65)?
-58
Let k(m) = 104*m**2 - 3067*m + 22603. Determine k(15).
-2
Let b(n) = -n**3 + 4*n**2 + 51400*n - 51405. What is b(1)?
-2
Let g(i) = -113611*i + 1022506. Determine g(9).
7
Let u(v) = 507*v - 132315. What is u(261)?
12
Let l(a) = -1076*a**2 - 3688*a - 1386. Determine l(-3).
-6
Let d(c) = -3*c**2 + 3220*c - 185220. Determine d(61).
37
Let p(r) = -1040*r**3 + 2*r**2 + 93*r - 93. Determine p(1).
-1038
Let f(c) = 18444*c - 147527. Determine f(8).
25
Let p(h) = 9030*h + 198989. Calculate p(-22).
329
Let j(a) = -a**2 - 406*a - 41237. Determine j(-206).
-37
Let g(r) = -2*r**2 - 895*r - 17114. Determine g(-20).
-14
Let s(b) = 24199*b + 24263. Give s(-1).
64
Let a(n) = -n**3 + n**2 + 193*n - 33. Give a(0).
-33
Let y(p) = -97*p**2 + 2211*p + 404. Calculate y(23).
-56
Let s(o) = -o**3 + 86*o**2 - 1363*o - 3479. Give s(64).
-599
Let l(z) = -7536*z - 7511. What is l(-1)?
25
Let f(z) = -15*z**3 + 769*z**2 - 169*z - 1777. Give f(51).
8
Let u(b) = b**2 - 3850*b + 26955. Determine u(7).
54
Let u(v) = -3*v**3 - 700*v**2 - 234*v - 169. What is u(-233)?
64
Let o(n) = -6*n**2 + 336*n - 96. Calculate o(56).
-96
Let h(d) = d**3 + d**2 - 1294*d + 54. Give h(36).
1422
Let r(g) = 10*g**3 + 155*g**2 - 90*g - 75. Determine r(-16).
85
Let l(q) = -8*q**3 + 103*q**2 - 401*q + 3807. What is l(12)?
3
Let v(z) = -133*z**2 + 2672*z - 240. Calculate v(20).
0
Let r(a) = 7422*a + 667950. What is r(-90)?
-30
Let i(a) = -a**2 + 10838*a - 324265. What is i(30)?
-25
Let m(k) = 195013*k - 195010. What is m(1)?
3
Let n(u) = -u**3 - 17*u**2 + 571*u + 10139. Calculate n(-21).
-88
Let z(o) = 545*o - 83496. What is z(154)?
434
Let c(r) = r**3 - 24*r**2 + 60*r + 64. Determine c(20).
-336
Let k(b) = 2*b**3 + 185*b**2 - 964*b - 112651. Give k(-91).
-84
Let w(x) = -47300*x**2 + 4398903*x - 283. What is w(93)?
-4
Let k(m) = 14237*m - 213433. Give k(15).
122
Let m(b) = -3*b**3 + 194*b**2 + 44*b + 1503. What is m(65)?
138
Let t(m) = -79*m**2 + 4640*m - 11. Calculate t(58).
3353
Let k(z) = 28823*z + 374694. What is k(-13)?
-5
Let l(k) = 8080*k - 8116. Determine l(1).
-36
Let y(k) = 4*k**2 - 127*k + 896. Calculate y(20).
-44
Let c(n) = -8*n**3 + 333*n**2 - 162*n + 97. What is c(41)?
1860
Let z(o) = -o**3 - 9*o**2 - 47*o - 304. Give z(-7).
-73
Let v(g) = -g**3 + 54*g**2 + 712*g - 167. Calculate v(65).
-362
Let b(o) = -247*o + 13855. Give b(54).
517
Let g(x) = 3*x**3 + 348*x**2 + 5533*x + 310. What is g(-97)?
-78
Let p(n) = -2*n**3 - 8*n**2 - 53094*n - 159268. Calculate p(-3).
-4
Let g(x) = 2*x**3 + 26*x**2 + 1735*x + 31844. Give g(-17).
37
Let r(m) = m**3 - 62*m**2 + 478*m + 87. Calculate r(53).
140
Let n(f) = 5*f**3 - 178*f**2 - 22*f - 1784. Calculate n(36).
16
Let l(r) = 18*r**3 + 27012*r**2 - 9011*r - 7503. What is l(-1501)?
2
Let w(f) = -92*f**2 - 304*f - 527. Calculate w(-6).
-2015
Let o(l) = -3*l**2 + 278*l + 5175. Determine o(109).
-166
Let a(m) = -2*m**2 - 4680*m - 2726867. Give a(-1244).
-19
Let u(t) = 51*t**2 - 30*t - 21. Calculate u(-6).
1995
Let x(c) = -4522*c - 7557. Calculate x(-2).
1487
Let s(f) = -f**2 - 363*f - 21885. Give s(-76).
-73
Let d(a) = -35049*a + 18821310. Calculate d(537).
-3
Let c(m) = -7796*m + 15497. Calculate c(2).
-95
Let b(f) = -f**2 - 9091*f - 9086. Calculate b(-1).
4
Let d(x) = 161*x + 1176. Give d(-9).
-273
Let v(x) = 3*x**3 - 8*x**2 - 333*x + 1496. Calculate v(5).
6
Let z(i) = -4*i**2 + 419*i - 160. Calculate z(106).
-690
Let j(p) = -195*p + 32949. What is j(169)?
-6
Let m(n) = -357*n - 2927. Give m(-9).
286
Let m(v) = -357*v - 80215. Give m(-223).
-604
Let t(q) = -2219*q - 66576. Determine t(-30).
-6
Let r(b) = -5*b**2 + 384*b + 4807. Calculate r(-13).
-1030
Let y(q) = -q**2 - 713*q + 90720. Give y(111).
-744
Let d(l) = l**3 - 969*l**2 + 9124*l - 464631. Calculate d(960).
9
Let f(l) = -6*l**3 + 47*l**2 + 3364*l - 26832. What is f(8)?
16
Let v(k) = 55*k**2 + 956*k - 958. Calculate v(1).
53
Let r(t) = 1128335*t - 5641680. What is r(5)?
-5
Let z(b) = -20493*b + 40998. Calculate z(2).
12
Let f(h) = -h**2 - 753*h - 23080. What is f(-32)?
-8
Let w(r) = 3*r**2 + 765*r + 24181. Give w(-218).
-17
Let d(k) = 90062*k + 4683218. Determine d(-52).
-6
Let w(o) = 4*o**3 + 311*o**2 + 491*o - 226. Calculate w(-76).
2890
Let t(a) = a**2 - 1253029*a - 22554849. Determine t(-18).
-3
Let z(g) = g**3 + 1622*g**2 - 21280*g + 369. Give z(13).
44
Let c(a) = -14*a**2 - 1834*a - 15356. What is c(-9)?
16
Let a(m) = 2*m**2 + 276*m + 1474. Calculate a(-121).
-2640
Let p(j) = j**3 + 7*j**2 - 56*j - 365. Calculate p(-5).
-35
Let q(l) = -l**2 + 74*l + 1346. Determine q(-15).
11
Let m(j) = 16027*j - 304501. Calculate m(19).
12
Let i(l) = 2*l**2 - 248*l + 7343. What is i(50)?
-57
Let w(n) = -15*n**2 + 137*n - 1596. Calculate w(11).
-1904
Let b(k) = 7*k**3 + 48*k**2 + 183*k + 561. Calculate b(-3).
255
Let y(s) = 3*s**3 + 3*s**2 + 73*s + 396. What is y(-6)?
-582
Let t(m) = -2*m**3 - 167*m**2 - 2858*m + 292. What is t(-59)?
-1655
Let l(b) = 260*b**2 + 1291*b + 1543. Determine l(-3).
10
Let m(v) = v**3 + 389*v**2 - 1595*v - 9042. Determine m(-393).
-3
Let t(u) = -33*u**3 + 136*u**2 + 300*u - 1229. Calculate t(4).
35
Let m(s) = 99*s**2 + 2*s + 766. Give m(0).
766
Let q(l) = l**3 - 3*l**2 - 2854*l - 358. Determine q(55).
-28
Let u(k) = -3430*k - 10199. Give u(-3).
91
Let z(a) = 2526*a**3 + 7586*a**2 - 16*a - 130. Give z(-3).
-10
Let r(f) = -3*f**2 + 61*f + 47. Calculate r(29).
-707
Let i(x) = 114626*x + 114433. Give i(-1).
-193
Let u(s) = 34*s**3 + 5*s**2 - 177*s + 523. What is u(3)?
955
Let k(q) = -673*q - 37210. Determine k(-55).
-195
Let c(i) = -10744*i + 107403. Calculate c(10).
-37
Let r(u) = 45*u**2 + 1931*u + 3206. Determine r(-41).
-320
Let b(z) = 6*z**2 + 972*z + 4824. What is b(-157)?
114
Let t(z) = -4*z**2 + 693*z + 15111. What is t(193)?
-136
Let w(h) = 168494*h - 8. Calculate w(0).
-8
Let f(n) = -7*n**2 - 517*n - 436. Calculate f(-69).
191